{"version":"1.0","provider_name":"MYWAM - Rehabilitation and orthopedic equipment for children","provider_url":"https:\/\/mywam.pl\/en\/","title":"Mamy ju\u017c 15 lat! - MYWAM - Rehabilitation and orthopedic equipment for children","type":"rich","width":600,"height":338,"html":"<blockquote class=\"wp-embedded-content\" data-secret=\"JaKRX0E8Na\"><a href=\"https:\/\/mywam.pl\/en\/mamy-juz-15-lat\/\">Mamy ju\u017c 15 lat!<\/a><\/blockquote><iframe sandbox=\"allow-scripts\" security=\"restricted\" src=\"https:\/\/mywam.pl\/en\/mamy-juz-15-lat\/embed\/#?secret=JaKRX0E8Na\" width=\"600\" height=\"338\" title=\"&#8220;Mamy ju\u017c 15 lat!&#8221; &#8212; MYWAM - Rehabilitation and orthopedic equipment for children\" data-secret=\"JaKRX0E8Na\" frameborder=\"0\" marginwidth=\"0\" marginheight=\"0\" scrolling=\"no\" class=\"wp-embedded-content\"><\/iframe><script type=\"text\/javascript\">\n\/* <![CDATA[ *\/\n\/*! This file is auto-generated *\/\n!function(d,l){\"use strict\";l.querySelector&&d.addEventListener&&\"undefined\"!=typeof URL&&(d.wp=d.wp||{},d.wp.receiveEmbedMessage||(d.wp.receiveEmbedMessage=function(e){var t=e.data;if((t||t.secret||t.message||t.value)&&!\/[^a-zA-Z0-9]\/.test(t.secret)){for(var s,r,n,a=l.querySelectorAll('iframe[data-secret=\"'+t.secret+'\"]'),o=l.querySelectorAll('blockquote[data-secret=\"'+t.secret+'\"]'),c=new RegExp(\"^https?:$\",\"i\"),i=0;i<o.length;i++)o[i].style.display=\"none\";for(i=0;i<a.length;i++)s=a[i],e.source===s.contentWindow&&(s.removeAttribute(\"style\"),\"height\"===t.message?(1e3<(r=parseInt(t.value,10))?r=1e3:~~r<200&&(r=200),s.height=r):\"link\"===t.message&&(r=new URL(s.getAttribute(\"src\")),n=new URL(t.value),c.test(n.protocol))&&n.host===r.host&&l.activeElement===s&&(d.top.location.href=t.value))}},d.addEventListener(\"message\",d.wp.receiveEmbedMessage,!1),l.addEventListener(\"DOMContentLoaded\",function(){for(var e,t,s=l.querySelectorAll(\"iframe.wp-embedded-content\"),r=0;r<s.length;r++)(t=(e=s[r]).getAttribute(\"data-secret\"))||(t=Math.random().toString(36).substring(2,12),e.src+=\"#?secret=\"+t,e.setAttribute(\"data-secret\",t)),e.contentWindow.postMessage({message:\"ready\",secret:t},\"*\")},!1)))}(window,document);\n\/\/# sourceURL=https:\/\/mywam.pl\/wp-includes\/js\/wp-embed.min.js\n\/* ]]> *\/\n<\/script>\n","thumbnail_url":"https:\/\/mywam.pl\/wp-content\/uploads\/2024\/02\/15-lecie-Mywam-www-3-scaled.jpg","thumbnail_width":2880,"thumbnail_height":1953,"description":"&nbsp; Drodzy Pacjenci, Rodzice, Klienci! Dzisiaj \u015bwi\u0119tujemy razem z Wami okr\u0105g\u0142\u0105 rocznic\u0119. Dok\u0142adnie 15 lat temu rozpocz\u0119li\u015bmy nasz\u0105 podr\u00f3\u017c, kt\u00f3rej przy\u015bwieca\u0142 jeden cel: wspiera\u0107 Was, naszych ma\u0142ych pacjent\u00f3w w&amp;nbsp;codziennej walce i trudzie rehabilitacji. Dzi\u015b bogatsi o now\u0105 wiedz\u0119 i wyposa\u017ceni w do\u015bwiadczenie, gromadzone na przestrzeni lat, nie ustajemy w wysi\u0142kach aby nasze dzia\u0142ania jak najlepiej [&hellip;]"}

Mamy już 15 lat! - MYWAM - Rehabilitation and orthopedic equipment for children

<blockquote class="wp-embedded-content" data-secret="JaKRX0E8Na"><a href="https://mywam.pl/en/mamy-juz-15-lat/">Mamy już 15 lat!</a></blockquote><iframe sandbox="allow-scripts" security="restricted" src="https://mywam.pl/en/mamy-juz-15-lat/embed/#?secret=JaKRX0E8Na" width="600" height="338" title="&#8220;Mamy już 15 lat!&#8221; &#8212; MYWAM - Rehabilitation and orthopedic equipment for children" data-secret="JaKRX0E8Na" frameborder="0" marginwidth="0" marginheight="0" scrolling="no" class="wp-embedded-content"></iframe><script type="text/javascript">
/* <![CDATA[ */
/*! This file is auto-generated */
!function(d,l){"use strict";l.querySelector&&d.addEventListener&&"undefined"!=typeof URL&&(d.wp=d.wp||{},d.wp.receiveEmbedMessage||(d.wp.receiveEmbedMessage=function(e){var t=e.data;if((t||t.secret||t.message||t.value)&&!/[^a-zA-Z0-9]/.test(t.secret)){for(var s,r,n,a=l.querySelectorAll('iframe[data-secret="'+t.secret+'"]'),o=l.querySelectorAll('blockquote[data-secret="'+t.secret+'"]'),c=new RegExp("^https?:$","i"),i=0;i<o.length;i++)o[i].style.display="none";for(i=0;i<a.length;i++)s=a[i],e.source===s.contentWindow&&(s.removeAttribute("style"),"height"===t.message?(1e3<(r=parseInt(t.value,10))?r=1e3:~~r<200&&(r=200),s.height=r):"link"===t.message&&(r=new URL(s.getAttribute("src")),n=new URL(t.value),c.test(n.protocol))&&n.host===r.host&&l.activeElement===s&&(d.top.location.href=t.value))}},d.addEventListener("message",d.wp.receiveEmbedMessage,!1),l.addEventListener("DOMContentLoaded",function(){for(var e,t,s=l.querySelectorAll("iframe.wp-embedded-content"),r=0;r<s.length;r++)(t=(e=s[r]).getAttribute("data-secret"))||(t=Math.random().toString(36).substring(2,12),e.src+="#?secret="+t,e.setAttribute("data-secret",t)),e.contentWindow.postMessage({message:"ready",secret:t},"*")},!1)))}(window,document);
//# sourceURL=https://mywam.pl/wp-includes/js/wp-embed.min.js
/* ]]> */
</script>

&nbsp; Drodzy Pacjenci, Rodzice, Klienci! Dzisiaj świętujemy razem z Wami okrągłą rocznicę. Dokładnie 15 lat temu rozpoczęliśmy naszą podróż, której przyświecał jeden cel: wspierać Was, naszych małych pacjentów w&amp;nbsp;codziennej walce i trudzie rehabilitacji. Dziś bogatsi o nową wiedzę i wyposażeni w doświadczenie, gromadzone na przestrzeni lat, nie ustajemy w wysiłkach aby nasze działania jak najlepiej [&hellip;]
